in base 5?
3210014232
What is -4c339a (base 13) in base 9?
-3406282
What is 1020644 (base 8) in base 3?
111202102000
What is 398519 (base 11) in base 9?
1153872
Convert -110100100111001100 (base 2) to base 6.
-4341404
-142535041 (base 6) to base 15
-3d014a
1c192 (base 13) to base 16
d7ad
Convert -1507 (base 13) to base 6.
-22041
1229e5 (base 15) to base 13
245a86
Convert -11022200020102 (base 3) to base 8.
-10605313
What is -2593884 (base 10) in base 9?
-4783123
Convert -454061 (base 7) to base 9.
-132558
Convert 6a8a19 (base 12) to base 16.
1a2db5
What is -70724 (base 12) in base 8?
-435414
Convert 221414131 (base 5) to base 13.
27b087
Convert -3223643 (base 9) to base 4.
-12211323333
Convert 1ed5e9 (base 15) to base 11.
943aa8
-12651132 (base 7) to base 9
-2175736
8a182 (base 16) to base 13
16a5c4
81803 (base 10) to base 6
1430415
What is 70145 (base 9) in base 13?
17c63
Convert -2011212021202 (base 3) to base 7.
-12563546
Convert -4be71d (base 15) to base 3.
-20212002120101
What is -11110101000111101 (base 2) in base 14?
-33a45
Convert 200003 (base 8) to base 9.
108811
-4024323430 (base 5) to base 12
-283a191
What is 3877a (base 13) in base 5?
11321133
Convert -10111211100121 (base 3) to base 8.
-7075403
-25100 (base 16) to base 6
-3130452
What is 1010001001100010 (base 2) in base 12?
20082
What is 101202021012001 (base 3) in base 10?
5713309
-23315503 (base 7) to base 16
-1f5aa2
What is -100a5 (base 16) in base 7?
-362356
What is 202404 (base 5) in base 13?
3010
What is 142027 (base 9) in base 10?
86776
What is 101101221000 (base 3) in base 15?
40a30
What is -129a646 (base 12) in base 6?
-211020130
31a62 (base 11) to base 6
555232
What is 1343942 (base 15) in base 14?
1bb57dc
What is 4d0aa (base 16) in base 13?
b0830
What is -10010001010001001000 (base 2) in base 14?
-116bb2
152430 (base 9) to base 10
93663
What is 10001110110100101101 (base 2) in base 5?
122210010
Convert 1110231032 (base 4) to base 16.
54b4e
Convert 2885327 (base 9) to base 14.
2d60b1
What is -21230131020 (base 4) in base 9?
-4703110
-7447334 (base 11) to base 5
-11324112122
7956a3 (base 11) to base 7
13523525
10001111011010011 (base 2) to base 3
10201201112
Convert 2089b (base 16) to base 5.
13231100
-2610010 (base 7) to base 3
-122012101211
-171da (base 16) to base 7
-543020
Convert 102002021211 (base 3) to base 12.
a631a
Convert -102100002123 (base 4) to base 10.
-4784283
Convert -122001221221 (base 3) to base 7.
-2566465
Convert 5054802 (base 9) to base 2.
1010010001100111001000
1211237 (base 10) to base 9
2245448
Convert 11010111111111111011111 (base 2) to base 7.
114106101
What is -15161652 (base 7) in base 6?
-50535403
Convert -46632 (base 7) to base 2.
-10111011001011
Convert -13003332 (base 5) to base 2.
-11110101000011011
Convert -1000212222120001 (base 3) to base 11.
-8403245
What is 19064 (base 15) in base 8?
236306
-11702410 (base 9) to base 11
-3263767
Convert 718aa (base 11) to base 13.
38999
-104144333 (base 5) to base 6
-13502331
What is 1d5a9 (base 14) in base 11?
5156a
What is 8159 (base 15) in base 12?
13979
What is -1215113101 (base 6) in base 9?
-28236341
What is 2880c8 (base 13) in base 5?
223120224
Convert -3331021022 (base 4) to base 15.
-15734e
Convert 5d4059 (base 14) to base 3.
20000120000002
-188043 (base 9) to base 16
-1caa0
What is -100101101011000101110 (base 2) in base 14?
-241c50
What is -18277 (base 12) in base 2?
-1000100001111011
Convert -110000111001011101111 (base 2) to base 15.
-219b42
-1353431 (base 8) to base 5
-44221440
-7b027 (base 15) to base 16
-5f971
What is 3b5661 (base 14) in base 15?
2a7aa4
What is 1111000011001110110 (base 2) in base 5?
111240144
4595461 (base 10) to base 7
54026563
What is -380221b (base 12) in base 2?
-101001110001111010110111
Convert -564863 (base 13) to base 5.
-1010204202
Convert -3145416 (base 8) to base 3.
-1120121002101
What is -c29ad (base 14) in base 11?
-29aa06
What is -3102010023 (base 4) in base 15?
-11ee1c
-11210300120 (base 4) to base 11
-90896a
What is 190ab9 (base 15) in base 7?
13230225
What is 11487692 (base 10) in base 6?
1050115432
200333254 (base 6) to base 12
117422a
What is 553564 (base 7) in base 2?
10111110001010000
What is 30439b (base 12) in base 11?
475508
-131003101 (base 4) to base 10
-118993
Convert -18116877 (base 9) to base 7.
-140251525
What is -90444c (base 13) in base 11?
-1989864
What is 1534684 (base 13) in base 2?
11001110110111111110011
Convert 11033202313 (base 4) to base 12.
563447
-110010100110000011110 (base 2) to base 11
-a3265a
103215 (base 6) to base 2
10000100111011
121021202012 (base 3) to base 13
b2bb9
-10110101000011111101011 (base 2) to base 3
-102011102121001
Convert 202110222300 (base 4) to base 11.
5095aa3
2002121022011 (base 3) to base 15
1701a7
Convert 1123132200 (base 4) to base 6.
12010400
What is -b5b08 (base 12) in base 3?
-110002220222
-144304 (base 12) to base 7
-2611462
What is 231133024 (base 6) in base 10?
4258024
Convert -2110010212 (base 5) to base 11.
-2519573
Convert 74751 (base 9) to base 12.
24754
What is 100011011101010100 (base 2) in base 9?
241203
111001111000011101 (base 2) to base 7
2005132
What is 7260c (base 13) in base 15?
40c9c
What is 1071 (base 11) in base 12?
995
Convert -1001101101011110011111 (base 2) to base 8.
-11553637
-145210 (base 7) to base 3
-1102201121
Convert 11100422 (base 6) to base 10.
334526
What is 2b9216 (base 12) in base 16?
b50f2
34024423 (base 5) to base 12
124a6a
10011101011010101 (base 2) to base 7
453656
Convert -121122110100 (base 3) to base 11.
-204198
1547d (base 15) to base 9
113881
Convert 1237716 (base 11) to base 12.
876b07
Convert -221011200220201 (base 3) to base 14.
-1ac37c6
-738d79 (base 14) to base 13
-a69338
-100011100000110011111011 (base 2) to base 16
-8e0cfb
Convert -14353332 (base 6) to base 10.
-497144
Convert -5453745 (base 10) to base 11.
-3095530
62b48 (base 12) to base 8
374750
What is -7aed1 (base 16) in base 10?
-503505
Convert -3605113 (base 10) to base 12.
-125a361
-1b7a66 (base 13) to base 16
-ab899
Convert 18b436 (base 16) to base 11.
a06417
What is -202704 (base 9) in base 10?
-120127
Convert 16360513 (base 8) to base 14.
70a52b
Convert -5745655 (base 10) to base 13.
-12622c6
1211120121200 (base 3) to base 8
3561754
What is -1011001001000011100100 (base 2) in base 8?
-13110344
Convert -10220122120 (base 3) to base 6.
-1352323
762143 (base 8) to base 3
110221220020
What is -13235432 (base 8) in base 15?
-3d846a
Convert 141840 (base 11) to base 7.
1613052
What is -235154 (base 6) in base 8?
-50156
Convert -19b5c4a (base 13) to base 11.
-4882a37
What is -305767 (base 8) in base 4?
-120233313
Convert 4136055 (base 7) to base 12.
1bb540
Convert 5a9a3 (base 11) to base 2.
10101011010100101
-3cc97 (base 13) to base 16
-1be17
What is -6243710 (base 10) in base 2?
-10111110100010101111110
What is 646272 (base 10) in base 16?
9dc80
Convert -5552341 (base 7) to base 13.
-1acb18
What is -1047789 (base 11) in base 15?
-265476
Convert -33333012 (base 5) to base 12.
-1215aa
What is 5b67f (base 16) in base 10?
374399
-31224442 (base 6) to base 9
-1630268
482112 (base 10) to base 8
1655500
Convert -32345143 (base 7) to base 5.
-1202031442
-125620 (base 7) to base 6
-301224
Convert 346024 (base 7) to base 13.
22360
What is -4d4897 (base 15) in base 6?
-211312511
Convert -10300334402 (base 5) to base 13.
-2364a0b
What is -202030342 (base 5) in base 2?
-11000110110110001000
1022212121 (base 3) to base 8
63050
What is 1011001101110100101 (base 2) in base 5?
43230100
-211232220300 (base 4) to base 16
-96ea30
111000010010111001 (base 2) to base 16
384b9
What is 250599b (base 12) in base 16?
6e4347
234430300 (base 5) to base 4
10022233133
What is 2212e (base 15) in base 5?
11431034
Convert -12220000221 (base 3) to base 6.
-2252424
3ac13 (base 13) to base 7
634550
-113d4d (base 14) to base 8
-2172521
Convert -94a003 (base 11) to base 4.
-11303122320
120211020202 (base 3) to base 4
1030002221
Convert 361280 (base 10) to base 6.
11424332
What is 29379 (base 11) in base 6?
521034
-7dc8d (base 14) to base 6
-10325325
What is 7b0274 (base 15) in base 2?
10110011001110110100011
What is -6024641 (base 8) in base 6?
-53535041
Convert -3108853 (base 9) to base 10.
-1659900
What is 1026461 (base 8) 